{"id":87,"date":"2018-01-21T22:00:58","date_gmt":"2018-01-21T22:00:58","guid":{"rendered":"http:\/\/konkurs-polem.sarp.warszawa.pl\/?page_id=87"},"modified":"2020-11-15T11:08:47","modified_gmt":"2020-11-15T10:08:47","slug":"nagrody","status":"publish","type":"page","link":"https:\/\/konkurs-park-wilanow.sarp.warszawa.pl\/index.php\/nagrody\/","title":{"rendered":"Nagrody i wynagrodzenia"},"content":{"rendered":"<p class=\"western\" align=\"justify\"><span style=\"font-family: Arial, sans-serif;\"><b>NAGRODY<\/b><\/span><\/p>\n<p class=\"western\" align=\"justify\"><span style=\"font-family: Arial, sans-serif;\">W konkursie Organizator przewiduje przyznanie Nagr\u00f3d jak nast\u0119puje:<\/span> <\/p>\n<p align=\"justify\"><span style=\"font-family: Arial, sans-serif;\"><b>I NAGRODA<\/b><\/span><\/p>\n<p><span style=\"font-family: Arial, sans-serif;\">&#8211; Nagroda pieni\u0119\u017cna w wysoko\u015bci 30&nbsp;000,00 z\u0142 brutto<br><\/span><span style=\"font-family: Arial, sans-serif;\">&#8211; Nagroda w postaci zaproszenia do negocjacji Umowy na wykonanie Przedmiotu zam\u00f3wienia<\/span><\/p>\n<p align=\"justify\"><span style=\"font-family: Arial, sans-serif;\"><b>II NAGRODA<\/b><\/span><\/p>\n<p><span style=\"font-family: Arial, sans-serif;\">&#8211; Nagroda pieni\u0119\u017cna w wysoko\u015bci 15&nbsp;000,00 z\u0142 brutto<\/span><\/p>\n<p align=\"justify\"><span style=\"font-family: Arial, sans-serif;\"><b>III NAGRODA<\/b><\/span><\/p>\n<p><span style=\"font-family: Arial, sans-serif;\">&#8211; Nagroda pieni\u0119\u017cna w wysoko\u015bci 10&nbsp;000,00 z\u0142 brutto<\/span><\/p>\n<p class=\"western\" align=\"justify\"><span style=\"font-family: Arial, sans-serif;\"><b>WYNAGRODZENIA<\/b><\/span><\/p>\n<p class=\"western\" align=\"justify\"><span style=\"font-family: Arial, sans-serif;\">Organizator Konkursu zaprosi do Etapu II Konkursu od 3 (trzech) do 5 (pi\u0119ciu) Uczestnik\u00f3w Konkursu, kt\u00f3rych przes\u0142ane Zg\u0142oszenia (a w szczeg\u00f3lno\u015bci <\/span><span style=\"color: #000000;\"><span style=\"font-family: Times New Roman, serif;\"><span style=\"font-size: small;\"><span style=\"font-family: Arial, sans-serif;\">wst\u0119pne szkice wraz z opisem ideowym) <\/span><\/span><\/span><\/span><span style=\"font-family: Arial, sans-serif;\">zostan\u0105 uznane przez S\u0105d Konkursowy za najlepiej odpowiadaj\u0105ce oczekiwaniom Organizatora i istotnym wymogom wytycznych wynikaj\u0105cych z niniejszego Regulaminu.<\/span><\/p>\n<p class=\"western\" align=\"justify\"><span style=\"font-family: Arial, sans-serif;\">Za zakwalifikowanie do Etapu II Konkursu ka\u017cdemu z Uczestnik\u00f3w Konkursu, kt\u00f3ry wykona\u0142 Prac\u0119 Konkursow\u0105, w tym uczestniczy\u0142 w warsztatach, a nast\u0119pnie skutecznie z\u0142o\u017cy\u0142 Prac\u0119 Konkursow\u0105, zostanie wyp\u0142acone Wynagrodzenie w wysoko\u015bci 20 000 z\u0142 brutto. Wynagrodzenia podlegaj\u0105 opodatkowaniu zgodnie z obowi\u0105zuj\u0105cymi przepisami<\/span><\/p>\n\n\n<p><\/p>\n","protected":false},"excerpt":{"rendered":"<p>NAGRODY W konkursie Organizator przewiduje przyznanie Nagr\u00f3d jak nast\u0119puje: I NAGRODA &#8211; Nagroda pieni\u0119\u017cna w wysoko\u015bci 30&nbsp;000,00 z\u0142 brutto&#8211; Nagroda w postaci zaproszenia do negocjacji Umowy na wykonanie Przedmiotu zam\u00f3wienia II NAGRODA &#8211; Nagroda pieni\u0119\u017cna w wysoko\u015bci 15&nbsp;000,00 z\u0142 brutto<span class=\"ellipsis\">&hellip;<\/span><\/p>\n<div class=\"read-more\"><a href=\"https:\/\/konkurs-park-wilanow.sarp.warszawa.pl\/index.php\/nagrody\/\">Czytaj wi\u0119cej <span class=\"screen-reader-text\">Nagrody i wynagrodzenia<\/span><span class=\"meta-nav\"> &#8250;<\/span><\/a><\/div>\n<p><!-- end of .read-more --><\/p>\n","protected":false},"author":1,"featured_media":0,"parent":0,"menu_order":0,"comment_status":"closed","ping_status":"closed","template":"","meta":[],"_links":{"self":[{"href":"https:\/\/konkurs-park-wilanow.sarp.warszawa.pl\/index.php\/wp-json\/wp\/v2\/pages\/87"}],"collection":[{"href":"https:\/\/konkurs-park-wilanow.sarp.warszawa.pl\/index.php\/wp-json\/wp\/v2\/pages"}],"about":[{"href":"https:\/\/konkurs-park-wilanow.sarp.warszawa.pl\/index.php\/wp-json\/wp\/v2\/types\/page"}],"author":[{"embeddable":true,"href":"https:\/\/konkurs-park-wilanow.sarp.warszawa.pl\/index.php\/wp-json\/wp\/v2\/users\/1"}],"replies":[{"embeddable":true,"href":"https:\/\/konkurs-park-wilanow.sarp.warszawa.pl\/index.php\/wp-json\/wp\/v2\/comments?post=87"}],"version-history":[{"count":3,"href":"https:\/\/konkurs-park-wilanow.sarp.warszawa.pl\/index.php\/wp-json\/wp\/v2\/pages\/87\/revisions"}],"predecessor-version":[{"id":556,"href":"https:\/\/konkurs-park-wilanow.sarp.warszawa.pl\/index.php\/wp-json\/wp\/v2\/pages\/87\/revisions\/556"}],"wp:attachment":[{"href":"https:\/\/konkurs-park-wilanow.sarp.warszawa.pl\/index.php\/wp-json\/wp\/v2\/media?parent=87"}],"curies":[{"name":"wp","href":"https:\/\/api.w.org\/{rel}","templated":true}]}}